{"id":22310,"date":"2026-09-02T14:09:08","date_gmt":"2026-09-02T12:09:08","guid":{"rendered":"https:\/\/gutschwarzl.at\/?post_type=product&#038;p=22310"},"modified":"2026-09-02T14:09:09","modified_gmt":"2026-09-02T12:09:09","slug":"pino-noir-2024","status":"publish","type":"product","link":"https:\/\/gutschwarzl.at\/en\/product\/pino-noir-2024\/","title":{"rendered":"PINO NOIR 2024"},"content":{"rendered":"<h2 class=\"PDq2pG_selectionAnchorContainer\" data-section-id=\"1u44aor\" data-start=\"0\" data-end=\"41\">Pinot Noir 2024<\/h2>\n<p data-start=\"43\" data-end=\"298\">Mit dem <strong data-start=\"51\" data-end=\"70\">Pinot Noir 2024<\/strong> beginnt f\u00fcr uns ein neues Kapitel: Es ist der <strong data-start=\"117\" data-end=\"187\">erste Pinot Noir von Johannes, gemeinsam mit Katharina vinifiziert<\/strong> \u2013 ein Wein, der f\u00fcr gemeinsame Ideen, neue Wege und die Freude daran steht, etwas Eigenes entstehen zu lassen.<\/p>\n<p data-start=\"300\" data-end=\"607\">Nach der Vinifikation durfte der Pinot Noir <strong data-start=\"344\" data-end=\"368\">im Eichenfass reifen<\/strong>. Die Lagerung verleiht ihm zus\u00e4tzliche Tiefe, feine W\u00fcrze und Struktur, ohne dabei die f\u00fcr Pinot Noir typische Eleganz in den Hintergrund zu stellen. Frucht, dezente R\u00f6staromen und das Holz verbinden sich zu einem harmonischen Gesamtbild.<\/p>\n<p data-start=\"609\" data-end=\"857\">Am Gaumen zeigt er sich <strong data-start=\"633\" data-end=\"678\">elegant, ausgewogen und fein strukturiert<\/strong>, mit angenehmem Tannin und einem sch\u00f6nen, anhaltenden Abgang. Ein charaktervoller Rotwein, der bereits solo Freude macht, aber auch ein vielseitiger Begleiter zu gutem Essen ist.<\/p>\n<p data-start=\"859\" data-end=\"978\">Besonders sch\u00f6n passt unser <strong data-start=\"887\" data-end=\"906\">Pinot Noir 2024<\/strong> zu Rind, Wild, Ente, Pilzgerichten, kr\u00e4ftiger Pasta und gereiftem K\u00e4se.<\/p>\n<p data-start=\"980\" data-end=\"1086\"><strong data-start=\"980\" data-end=\"1086\">Unser erster Pinot Noir. Johannes &amp; Katharina. Im Eichenfass gereift \u2013 und der Anfang von etwas Neuem.<\/strong><\/p>\n<p data-start=\"980\" data-end=\"1086\"><a href=\"https:\/\/elabel.steiermark.wine\/naehrwerttabelle\/details\/19493\">Zutaten<\/a><\/p>","protected":false},"excerpt":{"rendered":"<p>Pinot Noir 2024 Mit dem Pinot Noir 2024 beginnt f\u00fcr uns ein neues Kapitel: Es ist der erste Pinot Noir von Johannes, gemeinsam mit Katharina vinifiziert \u2013 ein Wein, der f\u00fcr gemeinsame Ideen, neue Wege und die Freude daran steht, etwas Eigenes entstehen zu lassen. Nach der Vinifikation durfte der Pinot Noir im Eichenfass reifen. [&hellip;]<\/p>","protected":false},"featured_media":22309,"comment_status":"open","ping_status":"closed","template":"","meta":[],"product_brand":[],"product_cat":[37,118],"product_tag":[],"class_list":{"0":"post-22310","1":"product","2":"type-product","3":"status-publish","4":"has-post-thumbnail","6":"product_cat-wein","7":"product_cat-rot","9":"first","10":"instock","11":"taxable","12":"shipping-taxable","13":"purchasable","14":"product-type-simple"},"yoast_head":"<!-- This site is optimized with the Yoast SEO plugin v23.2 - https:\/\/yoast.com\/wordpress\/plugins\/seo\/ -->\n<title>PINO NOIR 2024 - Gut Schwarzl<\/title>\n<meta name=\"description\" content=\"Unser erster Pinot Noir von Johannes &amp; Katharina. Im Eichenfass gereift, fein strukturiert und charaktervoll. Jetzt beim Weingut Schwarzl entdecken.\" \/>\n<meta name=\"robots\" content=\"index, follow, max-snippet:-1, max-image-preview:large, max-video-preview:-1\" \/>\n<link rel=\"canonical\" href=\"https:\/\/gutschwarzl.at\/en\/product\/pino-noir-2024\/\" \/>\n<meta property=\"og:locale\" content=\"en_US\" \/>\n<meta property=\"og:type\" content=\"article\" \/>\n<meta property=\"og:title\" content=\"PINO NOIR 2024 - Gut Schwarzl\" \/>\n<meta property=\"og:description\" content=\"Unser erster Pinot Noir von Johannes &amp; Katharina. Im Eichenfass gereift, fein strukturiert und charaktervoll. Jetzt beim Weingut Schwarzl entdecken.\" \/>\n<meta property=\"og:url\" content=\"https:\/\/gutschwarzl.at\/en\/product\/pino-noir-2024\/\" \/>\n<meta property=\"og:site_name\" content=\"Gut Schwarzl\" \/>\n<meta property=\"article:modified_time\" content=\"2026-09-02T12:09:09+00:00\" \/>\n<meta property=\"og:image\" content=\"https:\/\/gutschwarzl.at\/wp-content\/uploads\/2026\/09\/Pino-Noir.jpg\" \/>\n\t<meta property=\"og:image:width\" content=\"887\" \/>\n\t<meta property=\"og:image:height\" content=\"1774\" \/>\n\t<meta property=\"og:image:type\" content=\"image\/jpeg\" \/>\n<meta name=\"twitter:card\" content=\"summary_large_image\" \/>\n<meta name=\"twitter:label1\" content=\"Est. reading time\" \/>\n\t<meta name=\"twitter:data1\" content=\"2 minutes\" \/>\n<script type=\"application\/ld+json\" class=\"yoast-schema-graph\">{\"@context\":\"https:\/\/schema.org\",\"@graph\":[{\"@type\":\"WebPage\",\"@id\":\"https:\/\/gutschwarzl.at\/produkt\/pino-noir-2024\/\",\"url\":\"https:\/\/gutschwarzl.at\/produkt\/pino-noir-2024\/\",\"name\":\"PINO NOIR 2024 - Gut Schwarzl\",\"isPartOf\":{\"@id\":\"https:\/\/gutschwarzl.at\/#website\"},\"primaryImageOfPage\":{\"@id\":\"https:\/\/gutschwarzl.at\/produkt\/pino-noir-2024\/#primaryimage\"},\"image\":{\"@id\":\"https:\/\/gutschwarzl.at\/produkt\/pino-noir-2024\/#primaryimage\"},\"thumbnailUrl\":\"https:\/\/gutschwarzl.at\/wp-content\/uploads\/2026\/09\/Pino-Noir.jpg\",\"datePublished\":\"2026-09-02T12:09:08+00:00\",\"dateModified\":\"2026-09-02T12:09:09+00:00\",\"description\":\"Unser erster Pinot Noir von Johannes & Katharina. Im Eichenfass gereift, fein strukturiert und charaktervoll. Jetzt beim Weingut Schwarzl entdecken.\",\"breadcrumb\":{\"@id\":\"https:\/\/gutschwarzl.at\/produkt\/pino-noir-2024\/#breadcrumb\"},\"inLanguage\":\"en-US\",\"potentialAction\":[{\"@type\":\"ReadAction\",\"target\":[\"https:\/\/gutschwarzl.at\/produkt\/pino-noir-2024\/\"]}]},{\"@type\":\"ImageObject\",\"inLanguage\":\"en-US\",\"@id\":\"https:\/\/gutschwarzl.at\/produkt\/pino-noir-2024\/#primaryimage\",\"url\":\"https:\/\/gutschwarzl.at\/wp-content\/uploads\/2026\/09\/Pino-Noir.jpg\",\"contentUrl\":\"https:\/\/gutschwarzl.at\/wp-content\/uploads\/2026\/09\/Pino-Noir.jpg\",\"width\":887,\"height\":1774},{\"@type\":\"BreadcrumbList\",\"@id\":\"https:\/\/gutschwarzl.at\/produkt\/pino-noir-2024\/#breadcrumb\",\"itemListElement\":[{\"@type\":\"ListItem\",\"position\":1,\"name\":\"Startseite\",\"item\":\"https:\/\/gutschwarzl.at\/\"},{\"@type\":\"ListItem\",\"position\":2,\"name\":\"Shop\",\"item\":\"https:\/\/gutschwarzl.at\/shop\/\"},{\"@type\":\"ListItem\",\"position\":3,\"name\":\"PINO NOIR 2024\"}]},{\"@type\":\"WebSite\",\"@id\":\"https:\/\/gutschwarzl.at\/#website\",\"url\":\"https:\/\/gutschwarzl.at\/\",\"name\":\"Gut Schwarzl\",\"description\":\"Wo der Wein daheim ist\",\"publisher\":{\"@id\":\"https:\/\/gutschwarzl.at\/#organization\"},\"potentialAction\":[{\"@type\":\"SearchAction\",\"target\":{\"@type\":\"EntryPoint\",\"urlTemplate\":\"https:\/\/gutschwarzl.at\/?s={search_term_string}\"},\"query-input\":\"required name=search_term_string\"}],\"inLanguage\":\"en-US\"},{\"@type\":\"Organization\",\"@id\":\"https:\/\/gutschwarzl.at\/#organization\",\"name\":\"Gut Schwarzl\",\"url\":\"https:\/\/gutschwarzl.at\/\",\"logo\":{\"@type\":\"ImageObject\",\"inLanguage\":\"en-US\",\"@id\":\"https:\/\/gutschwarzl.at\/#\/schema\/logo\/image\/\",\"url\":\"https:\/\/gutschwarzl.at\/wp-content\/uploads\/2022\/04\/Logo-Gut-Schwarzl.svg\",\"contentUrl\":\"https:\/\/gutschwarzl.at\/wp-content\/uploads\/2022\/04\/Logo-Gut-Schwarzl.svg\",\"width\":217,\"height\":217,\"caption\":\"Gut Schwarzl\"},\"image\":{\"@id\":\"https:\/\/gutschwarzl.at\/#\/schema\/logo\/image\/\"}}]}<\/script>\n<!-- \/ Yoast SEO plugin. -->","yoast_head_json":{"title":"PINO NOIR 2024 - Gut Schwarzl","description":"Unser erster Pinot Noir von Johannes & Katharina. Im Eichenfass gereift, fein strukturiert und charaktervoll. Jetzt beim Weingut Schwarzl entdecken.","robots":{"index":"index","follow":"follow","max-snippet":"max-snippet:-1","max-image-preview":"max-image-preview:large","max-video-preview":"max-video-preview:-1"},"canonical":"https:\/\/gutschwarzl.at\/en\/product\/pino-noir-2024\/","og_locale":"en_US","og_type":"article","og_title":"PINO NOIR 2024 - Gut Schwarzl","og_description":"Unser erster Pinot Noir von Johannes & Katharina. Im Eichenfass gereift, fein strukturiert und charaktervoll. Jetzt beim Weingut Schwarzl entdecken.","og_url":"https:\/\/gutschwarzl.at\/en\/product\/pino-noir-2024\/","og_site_name":"Gut Schwarzl","article_modified_time":"2026-09-02T12:09:09+00:00","og_image":[{"width":887,"height":1774,"url":"https:\/\/gutschwarzl.at\/wp-content\/uploads\/2026\/09\/Pino-Noir.jpg","type":"image\/jpeg"}],"twitter_card":"summary_large_image","twitter_misc":{"Est. reading time":"2 minutes"},"schema":{"@context":"https:\/\/schema.org","@graph":[{"@type":"WebPage","@id":"https:\/\/gutschwarzl.at\/produkt\/pino-noir-2024\/","url":"https:\/\/gutschwarzl.at\/produkt\/pino-noir-2024\/","name":"PINO NOIR 2024 - Gut Schwarzl","isPartOf":{"@id":"https:\/\/gutschwarzl.at\/#website"},"primaryImageOfPage":{"@id":"https:\/\/gutschwarzl.at\/produkt\/pino-noir-2024\/#primaryimage"},"image":{"@id":"https:\/\/gutschwarzl.at\/produkt\/pino-noir-2024\/#primaryimage"},"thumbnailUrl":"https:\/\/gutschwarzl.at\/wp-content\/uploads\/2026\/09\/Pino-Noir.jpg","datePublished":"2026-09-02T12:09:08+00:00","dateModified":"2026-09-02T12:09:09+00:00","description":"Unser erster Pinot Noir von Johannes & Katharina. Im Eichenfass gereift, fein strukturiert und charaktervoll. Jetzt beim Weingut Schwarzl entdecken.","breadcrumb":{"@id":"https:\/\/gutschwarzl.at\/produkt\/pino-noir-2024\/#breadcrumb"},"inLanguage":"en-US","potentialAction":[{"@type":"ReadAction","target":["https:\/\/gutschwarzl.at\/produkt\/pino-noir-2024\/"]}]},{"@type":"ImageObject","inLanguage":"en-US","@id":"https:\/\/gutschwarzl.at\/produkt\/pino-noir-2024\/#primaryimage","url":"https:\/\/gutschwarzl.at\/wp-content\/uploads\/2026\/09\/Pino-Noir.jpg","contentUrl":"https:\/\/gutschwarzl.at\/wp-content\/uploads\/2026\/09\/Pino-Noir.jpg","width":887,"height":1774},{"@type":"BreadcrumbList","@id":"https:\/\/gutschwarzl.at\/produkt\/pino-noir-2024\/#breadcrumb","itemListElement":[{"@type":"ListItem","position":1,"name":"Startseite","item":"https:\/\/gutschwarzl.at\/"},{"@type":"ListItem","position":2,"name":"Shop","item":"https:\/\/gutschwarzl.at\/shop\/"},{"@type":"ListItem","position":3,"name":"PINO NOIR 2024"}]},{"@type":"WebSite","@id":"https:\/\/gutschwarzl.at\/#website","url":"https:\/\/gutschwarzl.at\/","name":"Gut Schwarzl","description":"Wo der Wein daheim ist","publisher":{"@id":"https:\/\/gutschwarzl.at\/#organization"},"potentialAction":[{"@type":"SearchAction","target":{"@type":"EntryPoint","urlTemplate":"https:\/\/gutschwarzl.at\/?s={search_term_string}"},"query-input":"required name=search_term_string"}],"inLanguage":"en-US"},{"@type":"Organization","@id":"https:\/\/gutschwarzl.at\/#organization","name":"Gut Schwarzl","url":"https:\/\/gutschwarzl.at\/","logo":{"@type":"ImageObject","inLanguage":"en-US","@id":"https:\/\/gutschwarzl.at\/#\/schema\/logo\/image\/","url":"https:\/\/gutschwarzl.at\/wp-content\/uploads\/2022\/04\/Logo-Gut-Schwarzl.svg","contentUrl":"https:\/\/gutschwarzl.at\/wp-content\/uploads\/2022\/04\/Logo-Gut-Schwarzl.svg","width":217,"height":217,"caption":"Gut Schwarzl"},"image":{"@id":"https:\/\/gutschwarzl.at\/#\/schema\/logo\/image\/"}}]}},"jetpack_sharing_enabled":true,"_links":{"self":[{"href":"https:\/\/gutschwarzl.at\/en\/wp-json\/wp\/v2\/product\/22310","targetHints":{"allow":["GET"]}}],"collection":[{"href":"https:\/\/gutschwarzl.at\/en\/wp-json\/wp\/v2\/product"}],"about":[{"href":"https:\/\/gutschwarzl.at\/en\/wp-json\/wp\/v2\/types\/product"}],"replies":[{"embeddable":true,"href":"https:\/\/gutschwarzl.at\/en\/wp-json\/wp\/v2\/comments?post=22310"}],"wp:featuredmedia":[{"embeddable":true,"href":"https:\/\/gutschwarzl.at\/en\/wp-json\/wp\/v2\/media\/22309"}],"wp:attachment":[{"href":"https:\/\/gutschwarzl.at\/en\/wp-json\/wp\/v2\/media?parent=22310"}],"wp:term":[{"taxonomy":"product_brand","embeddable":true,"href":"https:\/\/gutschwarzl.at\/en\/wp-json\/wp\/v2\/product_brand?post=22310"},{"taxonomy":"product_cat","embeddable":true,"href":"https:\/\/gutschwarzl.at\/en\/wp-json\/wp\/v2\/product_cat?post=22310"},{"taxonomy":"product_tag","embeddable":true,"href":"https:\/\/gutschwarzl.at\/en\/wp-json\/wp\/v2\/product_tag?post=22310"}],"curies":[{"name":"wp","href":"https:\/\/api.w.org\/{rel}","templated":true}]}}

<h2 class="PDq2pG_selectionAnchorContainer" data-section-id="1u44aor" data-start="0" data-end="41">Pinot Noir 2024</h2>
<p data-start="43" data-end="298">Mit dem <strong data-start="51" data-end="70">Pinot Noir 2024</strong> beginnt für uns ein neues Kapitel: Es ist der <strong data-start="117" data-end="187">erste Pinot Noir von Johannes, gemeinsam mit Katharina vinifiziert</strong> – ein Wein, der für gemeinsame Ideen, neue Wege und die Freude daran steht, etwas Eigenes entstehen zu lassen.</p>
<p data-start="300" data-end="607">Nach der Vinifikation durfte der Pinot Noir <strong data-start="344" data-end="368">im Eichenfass reifen</strong>. Die Lagerung verleiht ihm zusätzliche Tiefe, feine Würze und Struktur, ohne dabei die für Pinot Noir typische Eleganz in den Hintergrund zu stellen. Frucht, dezente Röstaromen und das Holz verbinden sich zu einem harmonischen Gesamtbild.</p>
<p data-start="609" data-end="857">Am Gaumen zeigt er sich <strong data-start="633" data-end="678">elegant, ausgewogen und fein strukturiert</strong>, mit angenehmem Tannin und einem schönen, anhaltenden Abgang. Ein charaktervoller Rotwein, der bereits solo Freude macht, aber auch ein vielseitiger Begleiter zu gutem Essen ist.</p>
<p data-start="859" data-end="978">Besonders schön passt unser <strong data-start="887" data-end="906">Pinot Noir 2024</strong> zu Rind, Wild, Ente, Pilzgerichten, kräftiger Pasta und gereiftem Käse.</p>
<p data-start="980" data-end="1086"><strong data-start="980" data-end="1086">Unser erster Pinot Noir. Johannes &amp; Katharina. Im Eichenfass gereift – und der Anfang von etwas Neuem.</strong></p>
<p data-start="980" data-end="1086"><a href="https://elabel.steiermark.wine/naehrwerttabelle/details/19493">Zutaten</a></p>

<p>Pinot Noir 2024 Mit dem Pinot Noir 2024 beginnt für uns ein neues Kapitel: Es ist der erste Pinot Noir von Johannes, gemeinsam mit Katharina vinifiziert – ein Wein, der für gemeinsame Ideen, neue Wege und die Freude daran steht, etwas Eigenes entstehen zu lassen. Nach der Vinifikation durfte der Pinot Noir im Eichenfass reifen. [&hellip;]</p>
