{"id":21903,"date":"2025-08-09T11:13:43","date_gmt":"2025-08-09T09:13:43","guid":{"rendered":"https:\/\/gutschwarzl.at\/?post_type=product&#038;p=21903"},"modified":"2025-11-19T06:47:01","modified_gmt":"2025-11-19T05:47:01","slug":"steirischer-junker-2025","status":"publish","type":"product","link":"https:\/\/gutschwarzl.at\/en\/product\/steirischer-junker-2025\/","title":{"rendered":"Steirischer Junker 2025"},"content":{"rendered":"<p data-start=\"122\" data-end=\"189\"><strong data-start=\"122\" data-end=\"187\">Steirischer Junker 2025 \u2013 Fruchtig, frisch &amp; voller Vorfreude<\/strong><\/p>\n<p data-start=\"191\" data-end=\"588\">Der <strong data-start=\"195\" data-end=\"221\">Steirische Junker 2025<\/strong> ist der erste Bote des neuen Weinjahrgangs \u2013 jung, spritzig und voller Lebensfreude. Auch wenn heute noch offen ist, welche Rebsorten in diesem Jahrgang ihren Weg in unsere Flaschen finden, steht eines fest: Wir werden mit ganzem Herzen und unserer ganzen Erfahrung daran arbeiten, einen <strong data-start=\"510\" data-end=\"575\">trinkfreudigen, fruchtbetonten und typisch steirischen Junker<\/strong> zu f\u00fcllen.<\/p>\n<p data-start=\"590\" data-end=\"884\">Ob als Begleiter zu einer Brettljause, zu frischen Kastanien oder einfach so in geselliger Runde \u2013 unser <strong data-start=\"820\" data-end=\"835\">Junker 2025<\/strong> l\u00e4utet die Genusszeit des neuen Jahrgangs ein.<\/p>\n<p data-start=\"975\" data-end=\"1169\"><strong data-start=\"975\" data-end=\"987\">A notice:<\/strong> Der Steirische Junker ist ein gesch\u00fctztes Markenzeichen, das f\u00fcr gepr\u00fcfte Qualit\u00e4t, Herkunft aus der Steiermark und den unvergleichlichen Charme der ersten Weine des Jahres steht.<\/p>","protected":false},"excerpt":{"rendered":"<p>Steirischer Junker 2025 \u2013 Fruchtig, frisch &amp; voller Vorfreude Der Steirische Junker 2025 ist der erste Bote des neuen Weinjahrgangs \u2013 jung, spritzig und voller Lebensfreude. Auch wenn heute noch offen ist, welche Rebsorten in diesem Jahrgang ihren Weg in unsere Flaschen finden, steht eines fest: Wir werden mit ganzem Herzen und unserer ganzen Erfahrung [&hellip;]<\/p>","protected":false},"featured_media":21901,"comment_status":"open","ping_status":"closed","template":"","meta":[],"product_brand":[],"product_cat":[37,117],"product_tag":[],"class_list":{"0":"post-21903","1":"product","2":"type-product","3":"status-publish","4":"has-post-thumbnail","6":"product_cat-wein","7":"product_cat-weiss","9":"first","10":"instock","11":"taxable","12":"shipping-taxable","13":"purchasable","14":"product-type-simple"},"yoast_head":"<!-- This site is optimized with the Yoast SEO plugin v23.2 - https:\/\/yoast.com\/wordpress\/plugins\/seo\/ -->\n<title>Steirischer Junker 2025 - Gut Schwarzl<\/title>\n<meta name=\"description\" content=\"Steirischer Junker 2025 \u2013 fruchtig, spritzig &amp; trinkfreudig. Jetzt vorbestellen! Lieferung ab 25. Oktober \u2013 erster Bote des neuen Jahrgangs.\" \/>\n<meta name=\"robots\" content=\"index, follow, max-snippet:-1, max-image-preview:large, max-video-preview:-1\" \/>\n<link rel=\"canonical\" href=\"https:\/\/gutschwarzl.at\/en\/product\/steirischer-junker-2025\/\" \/>\n<meta property=\"og:locale\" content=\"en_US\" \/>\n<meta property=\"og:type\" content=\"article\" \/>\n<meta property=\"og:title\" content=\"Steirischer Junker 2025 - Gut Schwarzl\" \/>\n<meta property=\"og:description\" content=\"Steirischer Junker 2025 \u2013 fruchtig, spritzig &amp; trinkfreudig. Jetzt vorbestellen! Lieferung ab 25. Oktober \u2013 erster Bote des neuen Jahrgangs.\" \/>\n<meta property=\"og:url\" content=\"https:\/\/gutschwarzl.at\/en\/product\/steirischer-junker-2025\/\" \/>\n<meta property=\"og:site_name\" content=\"Gut Schwarzl\" \/>\n<meta property=\"article:modified_time\" content=\"2025-11-19T05:47:01+00:00\" \/>\n<meta property=\"og:image\" content=\"https:\/\/gutschwarzl.at\/wp-content\/uploads\/2025\/08\/Logo_Junker1.jpg\" \/>\n\t<meta property=\"og:image:width\" content=\"679\" \/>\n\t<meta property=\"og:image:height\" content=\"579\" \/>\n\t<meta property=\"og:image:type\" content=\"image\/jpeg\" \/>\n<meta name=\"twitter:card\" content=\"summary_large_image\" \/>\n<meta name=\"twitter:label1\" content=\"Est. reading time\" \/>\n\t<meta name=\"twitter:data1\" content=\"1 minute\" \/>\n<script type=\"application\/ld+json\" class=\"yoast-schema-graph\">{\"@context\":\"https:\/\/schema.org\",\"@graph\":[{\"@type\":\"WebPage\",\"@id\":\"https:\/\/gutschwarzl.at\/produkt\/steirischer-junker-2025\/\",\"url\":\"https:\/\/gutschwarzl.at\/produkt\/steirischer-junker-2025\/\",\"name\":\"Steirischer Junker 2025 - Gut Schwarzl\",\"isPartOf\":{\"@id\":\"https:\/\/gutschwarzl.at\/#website\"},\"primaryImageOfPage\":{\"@id\":\"https:\/\/gutschwarzl.at\/produkt\/steirischer-junker-2025\/#primaryimage\"},\"image\":{\"@id\":\"https:\/\/gutschwarzl.at\/produkt\/steirischer-junker-2025\/#primaryimage\"},\"thumbnailUrl\":\"https:\/\/gutschwarzl.at\/wp-content\/uploads\/2025\/08\/Logo_Junker1.jpg\",\"datePublished\":\"2025-08-09T09:13:43+00:00\",\"dateModified\":\"2025-11-19T05:47:01+00:00\",\"description\":\"Steirischer Junker 2025 \u2013 fruchtig, spritzig & trinkfreudig. Jetzt vorbestellen! Lieferung ab 25. Oktober \u2013 erster Bote des neuen Jahrgangs.\",\"breadcrumb\":{\"@id\":\"https:\/\/gutschwarzl.at\/produkt\/steirischer-junker-2025\/#breadcrumb\"},\"inLanguage\":\"en-US\",\"potentialAction\":[{\"@type\":\"ReadAction\",\"target\":[\"https:\/\/gutschwarzl.at\/produkt\/steirischer-junker-2025\/\"]}]},{\"@type\":\"ImageObject\",\"inLanguage\":\"en-US\",\"@id\":\"https:\/\/gutschwarzl.at\/produkt\/steirischer-junker-2025\/#primaryimage\",\"url\":\"https:\/\/gutschwarzl.at\/wp-content\/uploads\/2025\/08\/Logo_Junker1.jpg\",\"contentUrl\":\"https:\/\/gutschwarzl.at\/wp-content\/uploads\/2025\/08\/Logo_Junker1.jpg\",\"width\":679,\"height\":579},{\"@type\":\"BreadcrumbList\",\"@id\":\"https:\/\/gutschwarzl.at\/produkt\/steirischer-junker-2025\/#breadcrumb\",\"itemListElement\":[{\"@type\":\"ListItem\",\"position\":1,\"name\":\"Startseite\",\"item\":\"https:\/\/gutschwarzl.at\/\"},{\"@type\":\"ListItem\",\"position\":2,\"name\":\"Shop\",\"item\":\"https:\/\/gutschwarzl.at\/shop\/\"},{\"@type\":\"ListItem\",\"position\":3,\"name\":\"Steirischer Junker 2025\"}]},{\"@type\":\"WebSite\",\"@id\":\"https:\/\/gutschwarzl.at\/#website\",\"url\":\"https:\/\/gutschwarzl.at\/\",\"name\":\"Gut Schwarzl\",\"description\":\"Wo der Wein daheim ist\",\"publisher\":{\"@id\":\"https:\/\/gutschwarzl.at\/#organization\"},\"potentialAction\":[{\"@type\":\"SearchAction\",\"target\":{\"@type\":\"EntryPoint\",\"urlTemplate\":\"https:\/\/gutschwarzl.at\/?s={search_term_string}\"},\"query-input\":\"required name=search_term_string\"}],\"inLanguage\":\"en-US\"},{\"@type\":\"Organization\",\"@id\":\"https:\/\/gutschwarzl.at\/#organization\",\"name\":\"Gut Schwarzl\",\"url\":\"https:\/\/gutschwarzl.at\/\",\"logo\":{\"@type\":\"ImageObject\",\"inLanguage\":\"en-US\",\"@id\":\"https:\/\/gutschwarzl.at\/#\/schema\/logo\/image\/\",\"url\":\"https:\/\/gutschwarzl.at\/wp-content\/uploads\/2022\/04\/Logo-Gut-Schwarzl.svg\",\"contentUrl\":\"https:\/\/gutschwarzl.at\/wp-content\/uploads\/2022\/04\/Logo-Gut-Schwarzl.svg\",\"width\":217,\"height\":217,\"caption\":\"Gut Schwarzl\"},\"image\":{\"@id\":\"https:\/\/gutschwarzl.at\/#\/schema\/logo\/image\/\"}}]}<\/script>\n<!-- \/ Yoast SEO plugin. -->","yoast_head_json":{"title":"Steirischer Junker 2025 - Gut Schwarzl","description":"Steirischer Junker 2025 \u2013 fruchtig, spritzig & trinkfreudig. Jetzt vorbestellen! Lieferung ab 25. Oktober \u2013 erster Bote des neuen Jahrgangs.","robots":{"index":"index","follow":"follow","max-snippet":"max-snippet:-1","max-image-preview":"max-image-preview:large","max-video-preview":"max-video-preview:-1"},"canonical":"https:\/\/gutschwarzl.at\/en\/product\/steirischer-junker-2025\/","og_locale":"en_US","og_type":"article","og_title":"Steirischer Junker 2025 - Gut Schwarzl","og_description":"Steirischer Junker 2025 \u2013 fruchtig, spritzig & trinkfreudig. Jetzt vorbestellen! Lieferung ab 25. Oktober \u2013 erster Bote des neuen Jahrgangs.","og_url":"https:\/\/gutschwarzl.at\/en\/product\/steirischer-junker-2025\/","og_site_name":"Gut Schwarzl","article_modified_time":"2025-11-19T05:47:01+00:00","og_image":[{"width":679,"height":579,"url":"https:\/\/gutschwarzl.at\/wp-content\/uploads\/2025\/08\/Logo_Junker1.jpg","type":"image\/jpeg"}],"twitter_card":"summary_large_image","twitter_misc":{"Est. reading time":"1 minute"},"schema":{"@context":"https:\/\/schema.org","@graph":[{"@type":"WebPage","@id":"https:\/\/gutschwarzl.at\/produkt\/steirischer-junker-2025\/","url":"https:\/\/gutschwarzl.at\/produkt\/steirischer-junker-2025\/","name":"Steirischer Junker 2025 - Gut Schwarzl","isPartOf":{"@id":"https:\/\/gutschwarzl.at\/#website"},"primaryImageOfPage":{"@id":"https:\/\/gutschwarzl.at\/produkt\/steirischer-junker-2025\/#primaryimage"},"image":{"@id":"https:\/\/gutschwarzl.at\/produkt\/steirischer-junker-2025\/#primaryimage"},"thumbnailUrl":"https:\/\/gutschwarzl.at\/wp-content\/uploads\/2025\/08\/Logo_Junker1.jpg","datePublished":"2025-08-09T09:13:43+00:00","dateModified":"2025-11-19T05:47:01+00:00","description":"Steirischer Junker 2025 \u2013 fruchtig, spritzig & trinkfreudig. Jetzt vorbestellen! Lieferung ab 25. Oktober \u2013 erster Bote des neuen Jahrgangs.","breadcrumb":{"@id":"https:\/\/gutschwarzl.at\/produkt\/steirischer-junker-2025\/#breadcrumb"},"inLanguage":"en-US","potentialAction":[{"@type":"ReadAction","target":["https:\/\/gutschwarzl.at\/produkt\/steirischer-junker-2025\/"]}]},{"@type":"ImageObject","inLanguage":"en-US","@id":"https:\/\/gutschwarzl.at\/produkt\/steirischer-junker-2025\/#primaryimage","url":"https:\/\/gutschwarzl.at\/wp-content\/uploads\/2025\/08\/Logo_Junker1.jpg","contentUrl":"https:\/\/gutschwarzl.at\/wp-content\/uploads\/2025\/08\/Logo_Junker1.jpg","width":679,"height":579},{"@type":"BreadcrumbList","@id":"https:\/\/gutschwarzl.at\/produkt\/steirischer-junker-2025\/#breadcrumb","itemListElement":[{"@type":"ListItem","position":1,"name":"Startseite","item":"https:\/\/gutschwarzl.at\/"},{"@type":"ListItem","position":2,"name":"Shop","item":"https:\/\/gutschwarzl.at\/shop\/"},{"@type":"ListItem","position":3,"name":"Steirischer Junker 2025"}]},{"@type":"WebSite","@id":"https:\/\/gutschwarzl.at\/#website","url":"https:\/\/gutschwarzl.at\/","name":"Gut Schwarzl","description":"Wo der Wein daheim ist","publisher":{"@id":"https:\/\/gutschwarzl.at\/#organization"},"potentialAction":[{"@type":"SearchAction","target":{"@type":"EntryPoint","urlTemplate":"https:\/\/gutschwarzl.at\/?s={search_term_string}"},"query-input":"required name=search_term_string"}],"inLanguage":"en-US"},{"@type":"Organization","@id":"https:\/\/gutschwarzl.at\/#organization","name":"Gut Schwarzl","url":"https:\/\/gutschwarzl.at\/","logo":{"@type":"ImageObject","inLanguage":"en-US","@id":"https:\/\/gutschwarzl.at\/#\/schema\/logo\/image\/","url":"https:\/\/gutschwarzl.at\/wp-content\/uploads\/2022\/04\/Logo-Gut-Schwarzl.svg","contentUrl":"https:\/\/gutschwarzl.at\/wp-content\/uploads\/2022\/04\/Logo-Gut-Schwarzl.svg","width":217,"height":217,"caption":"Gut Schwarzl"},"image":{"@id":"https:\/\/gutschwarzl.at\/#\/schema\/logo\/image\/"}}]}},"jetpack_sharing_enabled":true,"_links":{"self":[{"href":"https:\/\/gutschwarzl.at\/en\/wp-json\/wp\/v2\/product\/21903","targetHints":{"allow":["GET"]}}],"collection":[{"href":"https:\/\/gutschwarzl.at\/en\/wp-json\/wp\/v2\/product"}],"about":[{"href":"https:\/\/gutschwarzl.at\/en\/wp-json\/wp\/v2\/types\/product"}],"replies":[{"embeddable":true,"href":"https:\/\/gutschwarzl.at\/en\/wp-json\/wp\/v2\/comments?post=21903"}],"wp:featuredmedia":[{"embeddable":true,"href":"https:\/\/gutschwarzl.at\/en\/wp-json\/wp\/v2\/media\/21901"}],"wp:attachment":[{"href":"https:\/\/gutschwarzl.at\/en\/wp-json\/wp\/v2\/media?parent=21903"}],"wp:term":[{"taxonomy":"product_brand","embeddable":true,"href":"https:\/\/gutschwarzl.at\/en\/wp-json\/wp\/v2\/product_brand?post=21903"},{"taxonomy":"product_cat","embeddable":true,"href":"https:\/\/gutschwarzl.at\/en\/wp-json\/wp\/v2\/product_cat?post=21903"},{"taxonomy":"product_tag","embeddable":true,"href":"https:\/\/gutschwarzl.at\/en\/wp-json\/wp\/v2\/product_tag?post=21903"}],"curies":[{"name":"wp","href":"https:\/\/api.w.org\/{rel}","templated":true}]}}

<p data-start="122" data-end="189"><strong data-start="122" data-end="187">Steirischer Junker 2025 – Fruchtig, frisch &amp; voller Vorfreude</strong></p>
<p data-start="191" data-end="588">Der <strong data-start="195" data-end="221">Steirische Junker 2025</strong> ist der erste Bote des neuen Weinjahrgangs – jung, spritzig und voller Lebensfreude. Auch wenn heute noch offen ist, welche Rebsorten in diesem Jahrgang ihren Weg in unsere Flaschen finden, steht eines fest: Wir werden mit ganzem Herzen und unserer ganzen Erfahrung daran arbeiten, einen <strong data-start="510" data-end="575">trinkfreudigen, fruchtbetonten und typisch steirischen Junker</strong> zu füllen.</p>
<p data-start="590" data-end="884">Ob als Begleiter zu einer Brettljause, zu frischen Kastanien oder einfach so in geselliger Runde – unser <strong data-start="820" data-end="835">Junker 2025</strong> läutet die Genusszeit des neuen Jahrgangs ein.</p>
<p data-start="975" data-end="1169"><strong data-start="975" data-end="987">A notice:</strong> Der Steirische Junker ist ein geschütztes Markenzeichen, das für geprüfte Qualität, Herkunft aus der Steiermark und den unvergleichlichen Charme der ersten Weine des Jahres steht.</p>
